5 - -21. Calculate the highest common divisor of 144 and i.
16
Let v(s) = 4*s - 2. Let n be v(5). Let d(y) be the first derivative of 5*y**2/2 - y - 1. Let a be d(2). Calculate the greatest common divisor of a and n.
9
Let c(a) = -110*a + 5. Let q be c(-5). Suppose -4*m + q - 159 = 0. Calculate the greatest common factor of 9 and m.
9
Suppose -5*w - 2*u = -110, -u - 4*u = 0. Let j(z) = z**2 - z + 55. Let q be j(0). Calculate the greatest common factor of w and q.
11
Let p = 28 + -17. Let z = p - 24. Let f = -1 - z. Calculate the highest common divisor of f and 6.
6
Suppose 4*x + a - 22 = 0, -3*x + 1 + 4 = -5*a. Suppose 55 = x*l - 5. Let y be (-680)/(-28) + (-2)/7. Calculate the highest common divisor of y and l.
12
Let k be 1285/4 - (-3)/(-12). Suppose -k + 21 = -5*d. What is the greatest common divisor of 24 and d?
12
Let u be (-11 - 10)*(-2)/2. Suppose -93 = -5*i + 4*g, -3*g = -7 - 2. What is the highest common factor of u and i?
21
Suppose -n = -0*h - h + 19, n = -4*h - 19. Let q = n + -2. Let u = q - -30. Calculate the highest common divisor of u and 99.
9
Let y = 99 + -49. Suppose 5*q = d + y, 0 = -2*q + 3*q - d - 14. Let m = 7 + 20. What is the greatest common factor of q and m?
9
Let a be -1 + -1 + (42 - 1). Suppose 0 = u + 5*c - 51, u - 4*c - 6 = -0*u. Calculate the highest common factor of u and a.
13
Suppose -4*m + 201 = -139. Calculate the greatest common factor of 17 and m.
17
Let n = 46 + 8. What is the greatest common factor of n and 18?
18
Let i(c) = -c**3 + 4*c**2 - 4. Let b be i(3). Let u = -7 - -6. Let j be (-938)/(-21) - u/3. Calculate the highest common factor of j and b.
5
Let p(q) = -q**3 - 5*q**2 + q + 5. Let a be p(-5). Let m = a + 4. Let i(r) = r**2 - 8*r + 12. Let u be i(10). What is the greatest common factor of u and m?
4
Let s be 0 - (-15 + 3 + 1). Calculate the highest common factor of s and 22.
11
Suppose 0 = 4*d - b - 4*b - 160, -2*b = 4*d - 188. Calculate the highest common factor of 5 and d.
5
Suppose 10*f - 81 = 59. Let z be -2 - -1 - (0 + 0). Let n(h) = -99*h**3 + 2*h + 1. Let g be n(z). What is the highest common divisor of g and f?
14
Suppose 3*g = -2*g + 30. Suppose 18 = -2*v + 5*q, -g*q + 13 = 5*v - 4*q. Suppose -2*c + 5 = -1. Calculate the highest common divisor of v and c.
1
Suppose 0 = -7*z + 3*z + 8. Let x = 158 + -87. Suppose 4*p - 1 = x. Calculate the highest common divisor of p and z.
2
Let g = -23 - -42. Let j be (-95)/(-2)*18/15. What is the greatest common factor of g and j?
19
Let n = -63 + 141. Calculate the highest common factor of n and 104.
26
Let k(c) = c**3 - c**2 + 7*c + 5. Let p be k(4). Let u be 9/2*2/1. What is the highest common factor of p and u?
9
Let y be -7 + 8 - (-29 - 2). What is the greatest common divisor of y and 32?
32
Let w be 4/24 + (-26)/12. Let a = 18 - w. What is the highest common divisor of 30 and a?
10
Suppose 0 = -2*q + 4*x - 14, q + 3*x - 1 - 17 = 0. Suppose -5*f + d = -d + 3, -2*f + 22 = 5*d. What is the greatest common divisor of f and q?
1
Let m = -78 - -146. Calculate the highest common divisor of m and 34.
34
Suppose -4*x + 5*t + 60 = 0, 5*t + 20 = -0*x + 2*x. Suppose 0 = -4*c + x, 0*m - 3*c + 63 = 2*m. What is the highest common factor of 36 and m?
12
Let z be (-6)/10 + 1130/50. What is the highest common divisor of z and 88?
22
Let r be (-90)/(-4) - (-6)/(-4). Calculate the greatest common divisor of 7 and r.
7
Let n be 1/2 + 55/2. Suppose 3*m - 5*i = 7*m - 148, -2*m = -i - 88. What is the highest common factor of n and m?
14
Let l = 94 + -34. What is the greatest common factor of l and 24?
12
Let q be (-21)/14*(-4)/3. Suppose 2*p - 4*c - 120 = 0, -6*p + 3*p + 180 = c. Suppose q*z + p = 7*z. What is the greatest common divisor of 18 and z?
6
Suppose -u + 3 = 0, 6*g - u = g + 157. Calculate the greatest common divisor of g and 80.
16
Let b = 0 + 2. Suppose -2*s - 16 = -3*i + b*i, 3*i = -5*s + 37. Calculate the highest common factor of 14 and i.
14
Let i = -31 + 53. Suppose 0*a + 2*a - i = 0. What is the greatest common divisor of 66 and a?
11
Suppose 3*h - 4*o = 25, o - 11 = 4*h - 40. Suppose -42 = -3*s + 2*k - k, s - 5*k - 14 = 0. Calculate the highest common divisor of s and h.
7
Let o = 6 + -4. Let y be ((-30)/55)/((-2)/22). What is the greatest common divisor of y and o?
2
Let j be 30/3*2 + -1. Let h = j + 7. What is the greatest common divisor of 39 and h?
13
Let l be 1*(9/(-3) + 3) + 1. What is the greatest common factor of 13 and l?
1
Let v(n) = n**3 - 8*n**2 + 7*n - 10. Let y be v(8). Let j(t) = -5*t - 17. Let c be j(-8). Calculate the highest common divisor of c and y.
23
Let u = -39 - -67. What is the highest common factor of 112 and u?
28
Let w(g) = 37*g + 6. Let f be w(2). Suppose -3*k + 84 = -0*c - 4*c, 0 = -4*k + 4*c + 116. Calculate the highest common factor of k and f.
16
Let f = -49 - -68. What is the greatest common factor of 133 and f?
19
Let c(g) = 3*g**2 + g + 90. Let o be c(0). Calculate the highest common factor of 18 and o.
18
Let o(m) be the first derivative of m**3 + m**2/2 + 2. Let t be (-115)/35 - (-4)/14. Let j be o(t). What is the greatest common divisor of j and 12?
12
Let c(v) = -3*v - 29. Let h be c(-19). Calculate the greatest common divisor of h and 8.
4
Let o be -3 - 174/(0 + 2). Let g = o - -135. Calculate the greatest common factor of g and 30.
15
Let y be 21 + 1 + 4/(-4). What is the greatest common divisor of y and 3?
3
Let f be 0*(-4)/(-16) - -35. Let s be 0 + (-3)/((-9)/15). Calculate the highest common divisor of s and f.
5
Let x(k) = 2*k + 2. Let n be x(5). Suppose 4*t - 28 = n. What is the highest common factor of t and 70?
10
Let x(g) = -g**3 + 6*g**2 + 3*g - 7. Let s be x(-4). What is the highest common factor of 47 and s?
47
Let w = 30 - 19. Let x be (-22)/(-6)*(2 + 7/7). Calculate the highest common divisor of w and x.
11
Suppose 3*g = 2*g + 34. Calculate the highest common divisor of 85 and g.
17
Let b be 195/2 - 2/(-4). Calculate the greatest common divisor of b and 14.
14
Let z = 52 - 34. What is the highest common factor of 9 and z?
9
Let l be ((-11)/(-33))/((-2)/(-36)). Calculate the highest common factor of 30 and l.
6
Let h be -800*(20/25)/(-2). Calculate the greatest common factor of 40 and h.
40
Let v be 533 - (2 - (2 - 1)). Suppose -5*c + v = 172. Suppose 2*g + 3*g + 28 = b, -4*g = 5*b - 24. Calculate the highest common divisor of b and c.
8
Let v = 583 + -367. What is the greatest common divisor of v and 27?
27
Let m = 25 - 15. What is the greatest common factor of m and 110?
10
Let j(p) = 8*p + 6. Let f be j(0). What is the highest common divisor of f and 66?
6
Let k(h) = -h**3 + 9*h**2 + 5*h + 6. Let u be k(7). Let r = u - 80. Suppose 4 = 4*m, -5*p + m + r = -0*p. Calculate the greatest common divisor of p and 8.
4
Suppose -8 = -3*r - 26. Let s be 1 - (-3)/(-3)*r. Suppose 2*n + 2 + s = -c, 4*n + 15 = -5*c. What is the greatest common divisor of 2 and c?
1
Suppose -6*u + 6 = -3*u. Let h be (-17 + u)*2/(-6). What is the highest common factor of h and 55?
5
Let k be (-104)/(-6) + (-5)/15. Calculate the greatest common divisor of k and 85.
17
Let n be (4/8)/((-2)/(-8)). Suppose 3*j = 0, -s - 2*j + n = 3*j. What is the highest common divisor of 18 and s?
2
Let k be (15/(-10))/(2/(-28)). What is the greatest common divisor of 14 and k?
7
Suppose -21 = -2*i + 3*c + 23, -2*c + 64 = 2*i. Calculate the greatest common divisor of 112 and i.
28
Let x be (4 + -5)/(1/(-38)). Suppose -u - u = -x. Calculate the highest common divisor of 19 and u.
19
Suppose -y = 3*y - 540. Calculate the highest common divisor of 27 and y.
27
Let k = -6 + 12. Let p be 4/(-6) + 28/k. Suppose -40 = p*t - 260. Calculate the greatest common divisor of t and 11.
11
Let j = 16 - 3. Calculate the greatest common divisor of 208 and j.
13
Suppose 4*j - 5*j + 2 = 0. Suppose 3*c - 12 = -0*c. Suppose j*l + 12 = 2*u - 8, -c*l + 41 = 5*u. Calculate the highest common divisor of u and 1.
1
Let r(d) = 9*d**3 - 2*d**2 - d - 2. Let c be r(2). What is the highest common divisor of 10 and c?
10
Suppose 15*a - 10*a - 100 = 0. Calculate the greatest common factor of 4 and a.
4
Suppose 4*p - 5*a = 107, 3*p + 0*a = 2*a + 75. Calculate the highest common factor of 161 and p.
23
Suppose 0 = a - 2 + 1. Let u(j) = 4*j**3 + j - 1. Let k be u(a). Let n =